{"id":89,"date":"2014-05-02T13:48:31","date_gmt":"2014-05-02T11:48:31","guid":{"rendered":"https:\/\/feuerwehrwoltershausen.de\/feuerwehrwoltershausen2026\/2014\/05\/02\/feuerwehrauto\/"},"modified":"2026-01-31T12:49:56","modified_gmt":"2026-01-31T11:49:56","slug":"feuerwehrauto","status":"publish","type":"page","link":"https:\/\/feuerwehrwoltershausen.de\/feuerwehrwoltershausen\/feuerwehrauto\/","title":{"rendered":"Tragkraftspritzenfahrzeug &#8211; TSF"},"content":{"rendered":"\n<p><strong>Fahrzeugbezeichnung:<\/strong> Tragkraftspritzenfahrzeug<\/p>\n\n\n\n<p><strong>Kurzbezeichnung:<\/strong> TSF<\/p>\n\n\n\n<p><strong>Funkrufname:<\/strong> Florian Hildesheim Land 22-40-33 (alter Funkrufname: Florian Hilburg 22-24)<\/p>\n\n\n\n<p><strong>In unser Wehr seit:<\/strong> 07.02.2009<\/p>\n\n\n\n<p>Das Fahrzeug ist dem 3. Zug der Gemeinde Lamspringe zugeordnet.<\/p>\n\n\n\n<figure class=\"wp-block-image aligncenter size-full\"><img loading=\"lazy\" decoding=\"async\" width=\"1000\" height=\"667\" src=\"https:\/\/feuerwehrwoltershausen.de\/feuerwehrwoltershausen2026\/wp-content\/uploads\/2014\/05\/IMG_4297.JPG\" alt=\"\" class=\"wp-image-88\" srcset=\"https:\/\/feuerwehrwoltershausen.de\/feuerwehrwoltershausen\/wp-content\/uploads\/2014\/05\/IMG_4297.JPG 1000w, https:\/\/feuerwehrwoltershausen.de\/feuerwehrwoltershausen\/wp-content\/uploads\/2014\/05\/IMG_4297-300x200.jpg 300w, https:\/\/feuerwehrwoltershausen.de\/feuerwehrwoltershausen\/wp-content\/uploads\/2014\/05\/IMG_4297-768x512.jpg 768w\" sizes=\"auto, (max-width: 1000px) 100vw, 1000px\" \/><\/figure>\n\n\n\n<p>Einsatzzweck: Unser Tragkarftspritzenfahrzeug hat eine feuerwehrtechnische Beladung nach DIN 14530 Teil 16 f\u00fcr eine L\u00f6schgruppe (insgesamt 9 Kameraden). Es hat eine Besatzung von 1\/5 (Staffel= 1 Gruppenf\u00fchrer, 2 Trupps und 1 Maschinist). Es dient zur Brandbek\u00e4mpfung und der einfachen, technischen Hilfeleistung.<\/p>\n\n\n\n<p>Unser Tragkraftspritzenfahrzeug verf\u00fcgt \u00fcber keinen eigenen L\u00f6schewassertank. Aus diesem Grunde muss von der Mannschaft die Wasserversorgung an der Einsatzstelle hergestellt werden. Zur Wasserf\u00f6rderung dient uns eine Tragbare Feuerl\u00f6schkreiselpumpe (PFPN) mit 1500 Liter F\u00f6rdermenge bei 10 Bar Ausgangsdruck. Des Weiteren befindet sich an Board die vierteilige Steckleiter und Atemschutzger\u00e4te.<\/p>\n\n\n\n<p>Sonderausstattung:<\/p>\n\n\n\n<ul class=\"wp-block-list\">\n<li>Xenon Scheinwerfer auf der Motorhaube (verlastet im Fahrzeug)<\/li>\n\n\n\n<li>Arbeitsscheinwerfer am Heck<\/li>\n\n\n\n<li>drehbarer TS-Schlitten<\/li>\n\n\n\n<li>6x LED Warnleuchten &#8222;Powerflare&#8220; rotleuchtend<\/li>\n\n\n\n<li>mobiler LED Lichtmast, welcher an einer Halterung\u00a0am Heck befestigt werden kann. (Lichtmast und Halterung Marke Eigenbau)<\/li>\n\n\n\n<li>Halligan-Tool\u00a0<\/li>\n\n\n\n<li>Kettens\u00e4ge\u00a0<\/li>\n<\/ul>\n\n\n\n<p><\/p>\n","protected":false},"excerpt":{"rendered":"<p>Fahrzeugbezeichnung: Tragkraftspritzenfahrzeug Kurzbezeichnung: TSF Funkrufname: Florian Hildesheim Land 22-40-33 (alter Funkrufname: Florian Hilburg 22-24) In unser Wehr seit: 07.02.2009 Das Fahrzeug ist dem 3. Zug der Gemeinde Lamspringe zugeordnet. Einsatzzweck: [&hellip;]<\/p>\n","protected":false},"author":1,"featured_media":0,"parent":0,"menu_order":13,"comment_status":"closed","ping_status":"open","template":"","meta":{"_lmt_disableupdate":"","_lmt_disable":"","site-sidebar-layout":"default","site-content-layout":"","ast-site-content-layout":"default","site-content-style":"default","site-sidebar-style":"default","ast-global-header-display":"","ast-banner-title-visibility":"","ast-main-header-display":"","ast-hfb-above-header-display":"","ast-hfb-below-header-display":"","ast-hfb-mobile-header-display":"","site-post-title":"","ast-breadcrumbs-content":"","ast-featured-img":"","footer-sml-layout":"","ast-disable-related-posts":"","theme-transparent-header-meta":"","adv-header-id-meta":"","stick-header-meta":"","header-above-stick-meta":"","header-main-stick-meta":"","header-below-stick-meta":"","astra-migrate-meta-layouts":"default","ast-page-background-enabled":"default","ast-page-background-meta":{"desktop":{"background-color":"var(--ast-global-color-5)","background-image":"","background-repeat":"repeat","background-position":"center center","background-size":"auto","background-attachment":"scroll","background-type":"","background-media":"","overlay-type":"","overlay-color":"","overlay-opacity":"","overlay-gradient":""},"tablet":{"background-color":"","background-image":"","background-repeat":"repeat","background-position":"center center","background-size":"auto","background-attachment":"scroll","background-type":"","background-media":"","overlay-type":"","overlay-color":"","overlay-opacity":"","overlay-gradient":""},"mobile":{"background-color":"","background-image":"","background-repeat":"repeat","background-position":"center center","background-size":"auto","background-attachment":"scroll","background-type":"","background-media":"","overlay-type":"","overlay-color":"","overlay-opacity":"","overlay-gradient":""}},"ast-content-background-meta":{"desktop":{"background-color":"var(--ast-global-color-4)","background-image":"","background-repeat":"repeat","background-position":"center center","background-size":"auto","background-attachment":"scroll","background-type":"","background-media":"","overlay-type":"","overlay-color":"","overlay-opacity":"","overlay-gradient":""},"tablet":{"background-color":"var(--ast-global-color-4)","background-image":"","background-repeat":"repeat","background-position":"center center","background-size":"auto","background-attachment":"scroll","background-type":"","background-media":"","overlay-type":"","overlay-color":"","overlay-opacity":"","overlay-gradient":""},"mobile":{"background-color":"var(--ast-global-color-4)","background-image":"","background-repeat":"repeat","background-position":"center center","background-size":"auto","background-attachment":"scroll","background-type":"","background-media":"","overlay-type":"","overlay-color":"","overlay-opacity":"","overlay-gradient":""}},"footnotes":""},"class_list":["post-89","page","type-page","status-publish","hentry"],"_links":{"self":[{"href":"https:\/\/feuerwehrwoltershausen.de\/feuerwehrwoltershausen\/wp-json\/wp\/v2\/pages\/89","targetHints":{"allow":["GET"]}}],"collection":[{"href":"https:\/\/feuerwehrwoltershausen.de\/feuerwehrwoltershausen\/wp-json\/wp\/v2\/pages"}],"about":[{"href":"https:\/\/feuerwehrwoltershausen.de\/feuerwehrwoltershausen\/wp-json\/wp\/v2\/types\/page"}],"author":[{"embeddable":true,"href":"https:\/\/feuerwehrwoltershausen.de\/feuerwehrwoltershausen\/wp-json\/wp\/v2\/users\/1"}],"replies":[{"embeddable":true,"href":"https:\/\/feuerwehrwoltershausen.de\/feuerwehrwoltershausen\/wp-json\/wp\/v2\/comments?post=89"}],"version-history":[{"count":2,"href":"https:\/\/feuerwehrwoltershausen.de\/feuerwehrwoltershausen\/wp-json\/wp\/v2\/pages\/89\/revisions"}],"predecessor-version":[{"id":686,"href":"https:\/\/feuerwehrwoltershausen.de\/feuerwehrwoltershausen\/wp-json\/wp\/v2\/pages\/89\/revisions\/686"}],"wp:attachment":[{"href":"https:\/\/feuerwehrwoltershausen.de\/feuerwehrwoltershausen\/wp-json\/wp\/v2\/media?parent=89"}],"curies":[{"name":"wp","href":"https:\/\/api.w.org\/{rel}","templated":true}]}}